05786?
0
What is the hundred thousands digit of 3713893581?
8
What is the thousands digit of 99416276?
6
What is the units digit of 4973264488?
8
What is the ten millions digit of 227538749?
2
What is the ten millions digit of 54740529?
5
What is the thousands digit of 69433160?
3
What is the tens digit of 105698533?
3
What is the ten thousands digit of 99991724?
9
What is the hundred thousands digit of 71657409?
6
What is the tens digit of 345188460?
6
What is the millions digit of 8328988333?
8
What is the tens digit of 2654020634?
3
What is the ten millions digit of 13916597?
1
What is the tens digit of 164306052?
5
What is the thousands digit of 2316130620?
0
What is the thousands digit of 24294950?
4
What is the units digit of 30352149?
9
What is the ten millions digit of 100873010?
0
What is the hundreds digit of 286331714?
7
What is the millions digit of 98540051?
8
What is the ten millions digit of 1465502711?
6
What is the hundred thousands digit of 178695588?
6
What is the ten millions digit of 2732940830?
3
What is the hundreds digit of 1637028033?
0
What is the billions digit of 4238639569?
4
What is the ten millions digit of 4341431863?
4
What is the millions digit of 1318020914?
8
What is the hundred thousands digit of 70443216?
4
What is the hundred thousands digit of 57153046?
1
What is the hundreds digit of 549569066?
0
What is the hundreds digit of 78029527?
5
What is the hundreds digit of 2067189655?
6
What is the hundred thousands digit of 1286111796?
1
What is the ten thousands digit of 404135347?
3
What is the ten thousands digit of 222742912?
4
What is the hundred millions digit of 922825310?
9
What is the ten millions digit of 753240567?
5
What is the ten thousands digit of 468186249?
8
What is the hundreds digit of 419919437?
4
What is the hundreds digit of 60356560?
5
What is the ten thousands digit of 79833110?
3
What is the tens digit of 56781394?
9
What is the thousands digit of 757859151?
9
What is the millions digit of 61313103?
1
What is the tens digit of 97965646?
4
What is the billions digit of 2953005675?
2
What is the tens digit of 180126012?
1
What is the tens digit of 125936111?
1
What is the ten millions digit of 115495385?
1
What is the units digit of 2013391155?
5
What is the tens digit of 738635267?
6
What is the tens digit of 27609233?
3
What is the millions digit of 1809718314?
9
What is the hundred millions digit of 398263252?
3
What is the hundreds digit of 33774818?
8
What is the thousands digit of 116868494?
8
What is the thousands digit of 748784253?
4
What is the tens digit of 70120089?
8
What is the ten thousands digit of 806012514?
1
What is the hundred thousands digit of 1934926564?
9
What is the millions digit of 224906435?
4
What is the hundreds digit of 227304?
3
What is the hundred millions digit of 276566027?
2
What is the tens digit of 310208402?
0
What is the hundred thousands digit of 1891558403?
5
What is the hundreds digit of 1163481418?
4
What is the units digit of 56448651?
1
What is the tens digit of 1696360381?
8
What is the hundreds digit of 49708065?
0
What is the ten thousands digit of 29594164?
9
What is the tens digit of 45657894?
9
What is the units digit of 2072443302?
2
What is the tens digit of 264821169?
6
What is the billions digit of 2856702230?
2
What is the units digit of 8512571?
1
What is the ten millions digit of 2941615150?
4
What is the tens digit of 11132716?
1
What is the units digit of 77014120?
0
What is the hundreds digit of 1947627394?
3
What is the units digit of 107372022?
2
What is the hundred millions digit of 506559240?
5
What is the tens digit of 22413882?
8
What is the units digit of 2248313022?
2
What is the hundreds digit of 56426758?
7
What is the tens digit of 1048077287?
8
What is the hundred thousands digit of 70435569?
4
What is the millions digit of 11645139?
1
What is the hundred thousands digit of 38810877?
8
What is the units digit of 1857212994?
4
What is the ten millions digit of 3819547402?
1
What is the hundreds digit of 8587475?
4
What is the ten thousands digit of 1992743736?
4
What is the millions digit of 1331730168?
1
What is the hundred thousands digit of 1574997788?
9
What is the ten thousands digit of 513341930?
4
What is the ten millions digit of 46548146?
4
What is the ten thousands digit of 560003178?
0
What is the thousands digit of 335772107?
2
What is the hundred millions digit of 2239165988?
2
What is the millions digit of 148913301?
8
What is the hundreds digit of 6065699244?
2
What is the units digit of 97481711?
1
What is the hundreds digit of 58140255?
2
What is the hundreds digit of 6815176?
1
What is the hundreds digit of 61771294?
2
What is the hundred thousands digit of 180512493?
5
What is the millions digit of 648839307?
8
What is the ten millions digit of 3200394322?
0
What is the ten millions digit of 114909694?
1
What is the millions digit of 81686512?
1
What is the ten millions digit of 933904562?
3
What is the ten millions digit of 7113761121?
1
What is the ten millions digit of 62561590?
6
What is the millions digit of 692870774?
2
What is the tens digit of 68514470?
7
What is the thousands digit of 115716845?
6
What is the hundred millions digit of 165838796?
1
What is the tens digit of 21433041?
4
What is the tens digit of 21847467?
6
What is the tens digit of 1875088439?
3
What is the ten thousands digit of 245323579?
2
What is the hundred thousands digit of 57619818?
6
What is the units digit of 64578182?
2
What is the hundreds digit of 32058551?
5
What is the thousands digit of 2065544725?
4
What is the thousands digit of 23480646?
0
What is the ten millions digit of 1136398041?
3
What is the thousands digit of 56018901?
8
What is the ten thousands digit of 95024834?
2
What is the tens digit of 53494350?
5
What is the ten thousands digit of 53119857?
1
What is the hundred thousands digit of 2806754866?
7
What is the millions digit of 362765970?
2
What is the hundred thousands digit of 92678556?
6
What is the units digit of 40779255?
5
What is the hundreds digit of 297890126?
1
What is the ten thousands digit of 3536812?
3
What is the units digit of 96717150?
0
What is the tens digit of 3093981703?
0
What is the ten millions digit of 135393342?
3
What is the hundred thousands digit of 2121323791?
3
What is the units digit of 6393713?
3
What is the ten millions digit of 630594462?
3
What is the thousands digit of 108438632?
8
What is the tens digit of 26666809?
0
What is the tens digit of 799335008?
0
What is the millions digit of 9276835090?
6
What is the units digit of 4316125441?
1
What is the tens digit of 52782416?
1
What is the hundreds digit of 5797674349?
3
What is the thousands digit of 410590927?
0
What is the billions digit of 1088402167?
1
What is the billions digit of 6948671027?
6
What is the thousands digit of 13569808?
9
What is the ten thousands digit of 667471768?
7
What is the ten millions digit of 34065547?
3
What is the millions digit of 441842470?
1
What is the units digit of 5506372138?
8
What is the millions digit of 40542333?
0
What is the ten thousands digit of 196905710?
0
What is the units digit of 274160652?
2
What is the ten millions digit of 79095388?
7
What is the hundred millions digit of 104958259?
1
What is the units digit of 38229683?
3
What is the hundred millions digit of 494601074?
4
What is the ten millions digit of 3627368254?
2
What is the ten thousands digit of 300694251?
9
What is the hundred thousands digit of 432984114?
9
What is the units digit of 916748298?
8
What is the hundreds digit of 919352019?
0
What is the hundreds digit of 83720619?
6
What is the tens digit of 53482996?
9
What is the ten millions digit of 3377497117?
7
What is the millions digit of 46479662?
6
What is the ten millions digit of 68832844?
6
What is the millions digit of 157438460?
7
What is the ten millions digit of 14356092?
1
What is the millions digit of 384264037?
4
What is the billions digit of 5316224429?
5
What is the thousands digit of 118870879?
0
What is the hundreds digit of 33712052?
0
What is the hundreds digit of 275807371?
3
What is the thousands digit of 52764066?
4
What is the thousands digit of 106553827?
3
What is the thousands digit of 706506119?
6
What 